{"id":69,"date":"2021-01-06T15:05:46","date_gmt":"2021-01-06T14:05:46","guid":{"rendered":"http:\/\/smartverwalter.de\/?page_id=69"},"modified":"2021-01-06T15:20:45","modified_gmt":"2021-01-06T14:20:45","slug":"smartverwalter-die-partner-fuer-eine-gelungene-unternehmensnachfolge","status":"publish","type":"page","link":"http:\/\/smartverwalter.de\/","title":{"rendered":"SmartVerwalter &#8211; Die Partner f\u00fcr eine gelungene Unternehmensnachfolge"},"content":{"rendered":"<p>[vc_row][vc_column width=&#8220;1\/3&#8243;]<div id=\"cz_99196\" class=\"cz_99196 cz_image clr cz_image_no_fx center_on_mobile\"><div class=\"\" ><div class=\"cz_image_in\"><div class=\"cz_main_image\"><img width=\"2560\" height=\"1708\" src=\"http:\/\/smartverwalter.de\/wp-content\/uploads\/2021\/01\/Vertrag_kl-scaled.jpg\" class=\"attachment-full\" alt=\"SmartVerwalter Unternehmensnachfolge\" loading=\"lazy\" srcset=\"http:\/\/smartverwalter.de\/wp-content\/uploads\/2021\/01\/Vertrag_kl-scaled.jpg 2560w, http:\/\/smartverwalter.de\/wp-content\/uploads\/2021\/01\/Vertrag_kl-300x200.jpg 300w, http:\/\/smartverwalter.de\/wp-content\/uploads\/2021\/01\/Vertrag_kl-1024x683.jpg 1024w, http:\/\/smartverwalter.de\/wp-content\/uploads\/2021\/01\/Vertrag_kl-768x512.jpg 768w, http:\/\/smartverwalter.de\/wp-content\/uploads\/2021\/01\/Vertrag_kl-1536x1025.jpg 1536w, http:\/\/smartverwalter.de\/wp-content\/uploads\/2021\/01\/Vertrag_kl-2048x1366.jpg 2048w, http:\/\/smartverwalter.de\/wp-content\/uploads\/2021\/01\/Vertrag_kl-600x400.jpg 600w\" sizes=\"(max-width: 2560px) 100vw, 2560px\" \/><\/div><div class=\"cz_hover_image\"><img src=\"http:\/\/www.xtratheme.com\/img\/pic35.jpg\" class=\"\" width=\"500\" height=\"500\" alt=\"image\" \/><\/div><\/div><\/div><\/div>[\/vc_column][vc_column width=&#8220;2\/3&#8243; css=&#8220;.vc_custom_1506332874733{padding-right: 30px !important;padding-left: 30px !important;}&#8220;]<div id=\"cz_93803\" class=\"cz_93803 cz_title clr cz_title_ba_line cz_title_pos_inline\"><div class=\"cz_title_content\"><div class=\"cz_wpe_content\"><h3>Die Partner f\u00fcr eine gelungene Unternehmensnachfolge<\/h3>\n<\/div><div class=\"cz_title_line cz_line_after_title\"><span>_<\/span><\/div><\/div><\/div><div class=\"cz_gap clr \" style=\"height: 33px\"><\/div>[vc_column_text]Wir kennen die zahlreichen Herausforderungen der Branche der Immobilienverwaltung, die Besonderheiten der WEG-Verwaltung und insbesondere den Ablauf einer erfolgreichen Unternehmensnachfolge. Daher m\u00f6chten wir unsere wertvollen und handfeste Erfahrungen aus den letzten Jahren weiter nutzen.<\/p>\n<p><span style=\"font-family: inherit;\">Die SmartVerwalter GmbH ist als Holding in folgenden Bereichen t\u00e4tig:<\/span><\/p>\n<ul>\n<li><span style=\"font-family: inherit;\">Verwaltung von WEG-Objekten<\/span><\/li>\n<li><span style=\"font-family: inherit;\">Verwaltung von Mietobjekten<\/span><\/li>\n<li><span style=\"font-family: inherit;\">Vermittlung von Immobilien zum Kauf und zur Miete<\/span><\/li>\n<li><span style=\"font-family: inherit;\">Ablese- und W\u00e4rmemessdienste<\/span><\/li>\n<\/ul>\n<p>[\/vc_column_text]<div class=\"cz_gap clr \" style=\"height: 10px\"><\/div><div class=\"cz_btn_inline\"><div class=\"cz_55730_p\"><a id=\"cz_55730\" class=\"cz_55730 cz_btn cz_btn_txt_no_fx cz_btn_fill_right cz_btn_icon_after\" href=\"http:\/\/smartverwalter.de\/?page_id=88\" title=\"\u00dcber uns\"><span><strong>\u00dcber uns<\/strong><i class=\"fa fa-long-arrow-right\"><\/i><\/span><b class=\"cz_btn_onhover\"><strong>\u00dcber uns<\/strong><i class=\"fa fa-long-arrow-right\"><\/i><\/b><\/a><\/div><\/div>[\/vc_column][\/vc_row][vc_row][vc_column]<div class=\"cz_gap clr \" style=\"height: 100px\"><\/div>[\/vc_column][\/vc_row][vc_row][vc_column width=&#8220;1\/3&#8243;]<div id=\"cz_60499\" class=\"cz_60499 cz_image clr cz_image_no_fx center_on_mobile\"><div class=\"\" ><div class=\"cz_image_in\"><div class=\"cz_main_image\"><img width=\"600\" height=\"361\" src=\"http:\/\/smartverwalter.de\/wp-content\/uploads\/2021\/01\/HeroPicture_Desktop_klein.jpg\" class=\"attachment-full\" alt=\"\" loading=\"lazy\" srcset=\"http:\/\/smartverwalter.de\/wp-content\/uploads\/2021\/01\/HeroPicture_Desktop_klein.jpg 600w, http:\/\/smartverwalter.de\/wp-content\/uploads\/2021\/01\/HeroPicture_Desktop_klein-300x181.jpg 300w\" sizes=\"(max-width: 600px) 100vw, 600px\" \/><\/div><div class=\"cz_hover_image\"><img src=\"http:\/\/www.xtratheme.com\/img\/pic35.jpg\" class=\"\" width=\"500\" height=\"500\" alt=\"image\" \/><\/div><\/div><\/div><\/div>[\/vc_column][vc_column width=&#8220;2\/3&#8243; css=&#8220;.vc_custom_1506332874733{padding-right: 30px !important;padding-left: 30px !important;}&#8220;]<div id=\"cz_46331\" class=\"cz_46331 cz_title clr cz_title_ba_line cz_title_pos_inline\"><div class=\"cz_title_content\"><div class=\"cz_wpe_content\"><h4>Grundstein Immobilien GP GmbH (Ehemals Karin Schickl GmbH)<\/h4>\n<\/div><div class=\"cz_title_line cz_line_after_title\"><span>_<\/span><\/div><\/div><\/div><div class=\"cz_gap clr \" style=\"height: 33px\"><\/div>[vc_column_text]Anfang 2018 konnten wir die Gestaltung der Nachfolgeregelung f\u00fcr eines der f\u00fchrenden Verwaltungsunternehmen im Raum Garmisch-Partenkirchen, der Karin Schickl GmbH, abschlie\u00dfen. Seit Juni 2018 sind Carl Ferdinand Hauer und Tobias-Micha Treder als Gesch\u00e4ftsf\u00fchrer in dem\u00a0 16 Mitarbeiter z\u00e4hlenden Unternehmen t\u00e4tig. <strong><a href=\"https:\/\/immobilien-grundstein.de\/umfirmierung-schickl-immobilien-management-wird-zu-grundstein-immobilien\/\">Link zur Mitteilung<\/a><\/strong>[\/vc_column_text]<div class=\"cz_gap clr \" style=\"height: 10px\"><\/div><div class=\"cz_btn_inline\"><div class=\"cz_14090_p\"><a id=\"cz_14090\" class=\"cz_14090 cz_btn cz_btn_txt_no_fx cz_btn_fill_right cz_btn_icon_after\" href=\"https:\/\/immobilien-grundstein.de\/umfirmierung-schickl-immobilien-management-wird-zu-grundstein-immobilien\/\"><span><strong>Zur Mitteilung<\/strong><i class=\"fa fa-long-arrow-right\"><\/i><\/span><b class=\"cz_btn_onhover\"><strong>Zur Mitteilung<\/strong><i class=\"fa fa-long-arrow-right\"><\/i><\/b><\/a><\/div><\/div>[\/vc_column][\/vc_row][vc_row][vc_column]<div class=\"cz_gap clr \" style=\"height: 100px\"><\/div>[\/vc_column][\/vc_row]<\/p>\n","protected":false},"excerpt":{"rendered":"<p>[vc_row][vc_column width=&#8220;1\/3&#8243;][\/vc_column][vc_column width=&#8220;2\/3&#8243; css=&#8220;.vc_custom_1506332874733{padding-right: 30px !important;padding-left: 30px !important;}&#8220;][vc_column_text]Wir kennen die zahlreichen &#8230; <\/p>\n","protected":false},"author":1,"featured_media":0,"parent":0,"menu_order":0,"comment_status":"closed","ping_status":"closed","template":"","meta":[],"_links":{"self":[{"href":"http:\/\/smartverwalter.de\/index.php?rest_route=\/wp\/v2\/pages\/69"}],"collection":[{"href":"http:\/\/smartverwalter.de\/index.php?rest_route=\/wp\/v2\/pages"}],"about":[{"href":"http:\/\/smartverwalter.de\/index.php?rest_route=\/wp\/v2\/types\/page"}],"author":[{"embeddable":true,"href":"http:\/\/smartverwalter.de\/index.php?rest_route=\/wp\/v2\/users\/1"}],"replies":[{"embeddable":true,"href":"http:\/\/smartverwalter.de\/index.php?rest_route=%2Fwp%2Fv2%2Fcomments&post=69"}],"version-history":[{"count":19,"href":"http:\/\/smartverwalter.de\/index.php?rest_route=\/wp\/v2\/pages\/69\/revisions"}],"predecessor-version":[{"id":97,"href":"http:\/\/smartverwalter.de\/index.php?rest_route=\/wp\/v2\/pages\/69\/revisions\/97"}],"wp:attachment":[{"href":"http:\/\/smartverwalter.de\/index.php?rest_route=%2Fwp%2Fv2%2Fmedia&parent=69"}],"curies":[{"name":"wp","href":"https:\/\/api.w.org\/{rel}","templated":true}]}}